                                                                                                                                                                                                                                                                                                                                                                                                                                                                                                    {"id":519,"date":"2010-05-04T16:35:29","date_gmt":"2010-05-04T19:35:29","guid":{"rendered":"http:\/\/redeccap.org.br\/blogcasaviva\/?page_id=519"},"modified":"2010-05-04T16:35:29","modified_gmt":"2010-05-04T19:35:29","slug":"seminario-dengue-saude-ambiente","status":"publish","type":"page","link":"https:\/\/redeccap.org.br\/blogcasaviva\/seminario-dengue-saude-ambiente\/","title":{"rendered":"Semin\u00e1rio Dengue, Sa\u00fade, Ambiente"},"content":{"rendered":"<h2>Dengue, Sa\u00fade e Ambiente: tecnologias para a promo\u00e7\u00e3o da sa\u00fade<\/h2>\n<p>Semin\u00e1rio do Programa de Controle da Dengue em Manguinhos.<\/p>\n<p><strong>Institui\u00e7\u00e3o:<\/strong> Fiocruz<\/p>\n<p><strong>Local:<\/strong> Audit\u00f3rio t\u00e9rreo da ENSP, \u00e0s 8h.<\/p>\n<p><strong>Per\u00edodo:<\/strong> 13\/05\/2010 a 13\/05\/2010<\/p>\n<p><strong>Informa\u00e7\u00f5es:<\/strong> O semin\u00e1rio ser\u00e1 realizado em parceria  com a Rede Dengue da Vice-Presid\u00eancia de Ambiente, Promo\u00e7\u00e3o e Aten\u00e7\u00e3o \u00e0  Sa\u00fade da Fiocruz, e pretende problematizar e divulgar as tecnologias  sociais desenvolvidas por pesquisadores da institui\u00e7\u00e3o, em \u00e2mbito  nacional, que envolvem a mobiliza\u00e7\u00e3o social para o controle da dengue.  As <a href=\"http:\/\/formsus.datasus.gov.br\/site\/formulario.php?id_aplicacao=3948\" target=\"_blank\">inscri\u00e7\u00f5es<\/a> s\u00e3o gratuitas e estar\u00e3o abertas at\u00e9 o  dia do evento enquanto hover vagas dispon\u00edveis.<\/p>\n<p><em><strong>Inscri\u00e7\u00f5es On-line:<\/strong><\/em><\/p>\n<p align=\"center\"><a href=\"http:\/\/formsus.datasus.gov.br\/site\/formulario.php?id_aplicacao=3948\">http:\/\/formsus.datasus.gov.br\/site\/formulario.php?id_aplicacao=3948<\/a><\/p>\n<p style=\"text-align: left;\"><em><strong>Inscri\u00e7\u00f5es Presenciais:<\/strong><\/em><\/p>\n<p>ESPA\u00c7O CASA VIVA<\/p>\n<p>End: Rua Capit\u00e3o Bragan\u00e7a 142 \u2013 Manguinhos<\/p>\n<p>Tel.: 3869-8330<\/p>\n<p>Hor\u00e1rio de funcionamento: 2\u00aa a 6\u00aa feira de 9 \u00e0s 17h<strong> <\/strong><\/p>\n<p><strong>Segue abaixo o programa do evento.<\/strong><\/p>\n<p><a href=\"http:\/\/redeccap.org.br\/blogcasaviva\/wp-content\/uploads\/2010\/05\/cartaz-seminario-dengue-02.JPG\"><img loading=\"lazy\" class=\"aligncenter size-medium wp-image-521\" title=\"cartaz seminario dengue 02\" src=\"http:\/\/redeccap.org.br\/blogcasaviva\/wp-content\/uploads\/2010\/05\/cartaz-seminario-dengue-02-227x300.jpg\" alt=\"cartaz seminario dengue 02\" width=\"227\" height=\"300\" srcset=\"https:\/\/redeccap.org.br\/blogcasaviva\/wp-content\/uploads\/2010\/05\/cartaz-seminario-dengue-02-227x300.jpg 227w, https:\/\/redeccap.org.br\/blogcasaviva\/wp-content\/uploads\/2010\/05\/cartaz-seminario-dengue-02.JPG 244w\" sizes=\"(max-width: 227px) 100vw, 227px\" \/><\/a><\/p>\n<p><strong><br \/>\n<\/strong><\/p>\n","protected":false},"excerpt":{"rendered":"<p>Dengue, Sa\u00fade e Ambiente: tecnologias para a promo\u00e7\u00e3o da sa\u00fade Semin\u00e1rio do Programa de Controle da Dengue em Manguinhos. Institui\u00e7\u00e3o: Fiocruz Local: Audit\u00f3rio t\u00e9rreo da ENSP, \u00e0s 8h. Per\u00edodo: 13\/05\/2010 a 13\/05\/2010 Informa\u00e7\u00f5es: O semin\u00e1rio ser\u00e1 realizado em parceria com &hellip; <a href=\"https:\/\/redeccap.org.br\/blogcasaviva\/seminario-dengue-saude-ambiente\/\">Continue lendo <span class=\"meta-nav\">&rarr;<\/span><\/a><\/p>\n","protected":false},"author":2,"featured_media":0,"parent":0,"menu_order":0,"comment_status":"open","ping_status":"open","template":"","meta":{"spay_email":""},"yoast_head":"<!-- This site is optimized with the Yoast SEO plugin v14.8 - https:\/\/yoast.com\/wordpress\/plugins\/seo\/ -->\n<meta name=\"robots\" content=\"index, follow\" \/>\n<meta name=\"googlebot\" content=\"index, follow, max-snippet:-1, max-image-preview:large, max-video-preview:-1\" \/>\n<meta name=\"bingbot\" content=\"index, follow, max-snippet:-1, max-image-preview:large, max-video-preview:-1\" \/>\n<link rel=\"canonical\" href=\"http:\/\/redeccap.org.br\/blogcasaviva\/seminario-dengue-saude-ambiente\/\" \/>\n<meta property=\"og:locale\" content=\"pt_BR\" \/>\n<meta property=\"og:type\" content=\"article\" \/>\n<meta property=\"og:title\" content=\"Semin\u00e1rio Dengue, Sa\u00fade, Ambiente - Espa\u00e7o Casa Viva\/RedeCCAP\" \/>\n<meta property=\"og:description\" content=\"Dengue, Sa\u00fade e Ambiente: tecnologias para a promo\u00e7\u00e3o da sa\u00fade Semin\u00e1rio do Programa de Controle da Dengue em Manguinhos. Institui\u00e7\u00e3o: Fiocruz Local: Audit\u00f3rio t\u00e9rreo da ENSP, \u00e0s 8h. Per\u00edodo: 13\/05\/2010 a 13\/05\/2010 Informa\u00e7\u00f5es: O semin\u00e1rio ser\u00e1 realizado em parceria com &hellip; Continue lendo &rarr;\" \/>\n<meta property=\"og:url\" content=\"http:\/\/redeccap.org.br\/blogcasaviva\/seminario-dengue-saude-ambiente\/\" \/>\n<meta property=\"og:site_name\" content=\"Espa\u00e7o Casa Viva\/RedeCCAP\" \/>\n<meta property=\"og:image\" content=\"http:\/\/redeccap.org.br\/blogcasaviva\/wp-content\/uploads\/2010\/05\/cartaz-seminario-dengue-02-227x300.jpg\" \/>\n<meta name=\"twitter:card\" content=\"summary_large_image\" \/>\n<script type=\"application\/ld+json\" class=\"yoast-schema-graph\">{\"@context\":\"https:\/\/schema.org\",\"@graph\":[{\"@type\":\"WebSite\",\"@id\":\"https:\/\/redeccap.org.br\/blogcasaviva\/#website\",\"url\":\"https:\/\/redeccap.org.br\/blogcasaviva\/\",\"name\":\"Espa\\u00e7o Casa Viva\/RedeCCAP\",\"description\":\"\",\"potentialAction\":[{\"@type\":\"SearchAction\",\"target\":\"https:\/\/redeccap.org.br\/blogcasaviva\/?s={search_term_string}\",\"query-input\":\"required name=search_term_string\"}],\"inLanguage\":\"pt-BR\"},{\"@type\":\"ImageObject\",\"@id\":\"http:\/\/redeccap.org.br\/blogcasaviva\/seminario-dengue-saude-ambiente\/#primaryimage\",\"inLanguage\":\"pt-BR\",\"url\":\"http:\/\/redeccap.org.br\/blogcasaviva\/wp-content\/uploads\/2010\/05\/cartaz-seminario-dengue-02-227x300.jpg\"},{\"@type\":\"WebPage\",\"@id\":\"http:\/\/redeccap.org.br\/blogcasaviva\/seminario-dengue-saude-ambiente\/#webpage\",\"url\":\"http:\/\/redeccap.org.br\/blogcasaviva\/seminario-dengue-saude-ambiente\/\",\"name\":\"Semin\\u00e1rio Dengue, Sa\\u00fade, Ambiente - Espa\\u00e7o Casa Viva\/RedeCCAP\",\"isPartOf\":{\"@id\":\"https:\/\/redeccap.org.br\/blogcasaviva\/#website\"},\"primaryImageOfPage\":{\"@id\":\"http:\/\/redeccap.org.br\/blogcasaviva\/seminario-dengue-saude-ambiente\/#primaryimage\"},\"datePublished\":\"2010-05-04T19:35:29+00:00\",\"dateModified\":\"2010-05-04T19:35:29+00:00\",\"inLanguage\":\"pt-BR\",\"potentialAction\":[{\"@type\":\"ReadAction\",\"target\":[\"http:\/\/redeccap.org.br\/blogcasaviva\/seminario-dengue-saude-ambiente\/\"]}]}]}<\/script>\n<!-- \/ Yoast SEO plugin. -->","_links":{"self":[{"href":"https:\/\/redeccap.org.br\/blogcasaviva\/wp-json\/wp\/v2\/pages\/519"}],"collection":[{"href":"https:\/\/redeccap.org.br\/blogcasaviva\/wp-json\/wp\/v2\/pages"}],"about":[{"href":"https:\/\/redeccap.org.br\/blogcasaviva\/wp-json\/wp\/v2\/types\/page"}],"author":[{"embeddable":true,"href":"https:\/\/redeccap.org.br\/blogcasaviva\/wp-json\/wp\/v2\/users\/2"}],"replies":[{"embeddable":true,"href":"https:\/\/redeccap.org.br\/blogcasaviva\/wp-json\/wp\/v2\/comments?post=519"}],"version-history":[{"count":1,"href":"https:\/\/redeccap.org.br\/blogcasaviva\/wp-json\/wp\/v2\/pages\/519\/revisions"}],"predecessor-version":[{"id":522,"href":"https:\/\/redeccap.org.br\/blogcasaviva\/wp-json\/wp\/v2\/pages\/519\/revisions\/522"}],"wp:attachment":[{"href":"https:\/\/redeccap.org.br\/blogcasaviva\/wp-json\/wp\/v2\/media?parent=519"}],"curies":[{"name":"wp","href":"https:\/\/api.w.org\/{rel}","templated":true}]}}

Seminário Dengue, Saúde, Ambiente

<h2>Dengue, Saúde e Ambiente: tecnologias para a promoção da saúde</h2>
<p>Seminário do Programa de Controle da Dengue em Manguinhos.</p>
<p><strong>Instituição:</strong> Fiocruz</p>
<p><strong>Local:</strong> Auditório térreo da ENSP, às 8h.</p>
<p><strong>Período:</strong> 13/05/2010 a 13/05/2010</p>
<p><strong>Informações:</strong> O seminário será realizado em parceria  com a Rede Dengue da Vice-Presidência de Ambiente, Promoção e Atenção à  Saúde da Fiocruz, e pretende problematizar e divulgar as tecnologias  sociais desenvolvidas por pesquisadores da instituição, em âmbito  nacional, que envolvem a mobilização social para o controle da dengue.  As <a href="http://formsus.datasus.gov.br/site/formulario.php?id_aplicacao=3948" target="_blank">inscrições</a> são gratuitas e estarão abertas até o  dia do evento enquanto hover vagas disponíveis.</p>
<p><em><strong>Inscrições On-line:</strong></em></p>
<p align="center"><a href="http://formsus.datasus.gov.br/site/formulario.php?id_aplicacao=3948">http://formsus.datasus.gov.br/site/formulario.php?id_aplicacao=3948</a></p>
<p style="text-align: left;"><em><strong>Inscrições Presenciais:</strong></em></p>
<p>ESPAÇO CASA VIVA</p>
<p>End: Rua Capitão Bragança 142 – Manguinhos</p>
<p>Tel.: 3869-8330</p>
<p>Horário de funcionamento: 2ª a 6ª feira de 9 às 17h<strong> </strong></p>
<p><strong>Segue abaixo o programa do evento.</strong></p>
<p><a href="http://redeccap.org.br/blogcasaviva/wp-content/uploads/2010/05/cartaz-seminario-dengue-02.JPG"><img loading="lazy" class="aligncenter size-medium wp-image-521" title="cartaz seminario dengue 02" src="http://redeccap.org.br/blogcasaviva/wp-content/uploads/2010/05/cartaz-seminario-dengue-02-227x300.jpg" alt="cartaz seminario dengue 02" width="227" height="300" srcset="https://redeccap.org.br/blogcasaviva/wp-content/uploads/2010/05/cartaz-seminario-dengue-02-227x300.jpg 227w, https://redeccap.org.br/blogcasaviva/wp-content/uploads/2010/05/cartaz-seminario-dengue-02.JPG 244w" sizes="(max-width: 227px) 100vw, 227px" /></a></p>
<p><strong><br />
</strong></p>

<p>Dengue, Saúde e Ambiente: tecnologias para a promoção da saúde Seminário do Programa de Controle da Dengue em Manguinhos. Instituição: Fiocruz Local: Auditório térreo da ENSP, às 8h. Período: 13/05/2010 a 13/05/2010 Informações: O seminário será realizado em parceria com &hellip; <a href="https://redeccap.org.br/blogcasaviva/seminario-dengue-saude-ambiente/">Continue lendo <span class="meta-nav">&rarr;</span></a></p>

<!-- This site is optimized with the Yoast SEO plugin v14.8 - https://yoast.com/wordpress/plugins/seo/ -->
<meta name="robots" content="index, follow" />
<meta name="googlebot" content="index, follow, max-snippet:-1, max-image-preview:large, max-video-preview:-1" />
<meta name="bingbot" content="index, follow, max-snippet:-1, max-image-preview:large, max-video-preview:-1" />
<link rel="canonical" href="http://redeccap.org.br/blogcasaviva/seminario-dengue-saude-ambiente/" />
<meta property="og:locale" content="pt_BR" />
<meta property="og:type" content="article" />
<meta property="og:title" content="Seminário Dengue, Saúde, Ambiente - Espaço Casa Viva/RedeCCAP" />
<meta property="og:description" content="Dengue, Saúde e Ambiente: tecnologias para a promoção da saúde Seminário do Programa de Controle da Dengue em Manguinhos. Instituição: Fiocruz Local: Auditório térreo da ENSP, às 8h. Período: 13/05/2010 a 13/05/2010 Informações: O seminário será realizado em parceria com &hellip; Continue lendo &rarr;" />
<meta property="og:url" content="http://redeccap.org.br/blogcasaviva/seminario-dengue-saude-ambiente/" />
<meta property="og:site_name" content="Espaço Casa Viva/RedeCCAP" />
<meta property="og:image" content="http://redeccap.org.br/blogcasaviva/wp-content/uploads/2010/05/cartaz-seminario-dengue-02-227x300.jpg" />
<meta name="twitter:card" content="summary_large_image" />
<script type="application/ld+json" class="yoast-schema-graph">{"@context":"https://schema.org","@graph":[{"@type":"WebSite","@id":"https://redeccap.org.br/blogcasaviva/#website","url":"https://redeccap.org.br/blogcasaviva/","name":"Espa\u00e7o Casa Viva/RedeCCAP","description":"","potentialAction":[{"@type":"SearchAction","target":"https://redeccap.org.br/blogcasaviva/?s={search_term_string}","query-input":"required name=search_term_string"}],"inLanguage":"pt-BR"},{"@type":"ImageObject","@id":"http://redeccap.org.br/blogcasaviva/seminario-dengue-saude-ambiente/#primaryimage","inLanguage":"pt-BR","url":"http://redeccap.org.br/blogcasaviva/wp-content/uploads/2010/05/cartaz-seminario-dengue-02-227x300.jpg"},{"@type":"WebPage","@id":"http://redeccap.org.br/blogcasaviva/seminario-dengue-saude-ambiente/#webpage","url":"http://redeccap.org.br/blogcasaviva/seminario-dengue-saude-ambiente/","name":"Semin\u00e1rio Dengue, Sa\u00fade, Ambiente - Espa\u00e7o Casa Viva/RedeCCAP","isPartOf":{"@id":"https://redeccap.org.br/blogcasaviva/#website"},"primaryImageOfPage":{"@id":"http://redeccap.org.br/blogcasaviva/seminario-dengue-saude-ambiente/#primaryimage"},"datePublished":"2010-05-04T19:35:29+00:00","dateModified":"2010-05-04T19:35:29+00:00","inLanguage":"pt-BR","potentialAction":[{"@type":"ReadAction","target":["http://redeccap.org.br/blogcasaviva/seminario-dengue-saude-ambiente/"]}]}]}</script>
<!-- / Yoast SEO plugin. -->
