                                                                                                                                                                                                                                                                                                                                                                                                                                                                                                    {"id":345,"date":"2009-12-15T20:55:12","date_gmt":"2009-12-15T22:55:12","guid":{"rendered":"http:\/\/redeccap.org.br\/blogcasaviva\/?page_id=345"},"modified":"2009-12-15T20:55:12","modified_gmt":"2009-12-15T22:55:12","slug":"oficina-portinari","status":"publish","type":"page","link":"https:\/\/redeccap.org.br\/blogcasaviva\/oficina-portinari\/","title":{"rendered":"Oficina Portinari"},"content":{"rendered":"<p>A Oficina Portinari &#8211; Arte de Ver Manguinhos surgiu sob inspira\u00e7\u00e3o das palavras \u201cDevemos pintar como sentimos, mas devemos saber pintar o que sentimos\u201d, proferidas pelo pintor brasileiro Candido Portinari. Isso tamb\u00e9m porque, nas nossas pesquisas descobrimos o coment\u00e1rio de um outro grande artista que ajudou mais ainda para tocarmos a iniciativa para frente. Foi escritor Jorge Amado:<\/p>\n<p>\u201cCandido Portinari nos engrandeceu com sua obra de pintor. Foi um dos homens mais importantes do nosso tempo, pois de suas m\u00e3os nasceram a cor e a poesia, o drama e a esperan\u00e7a de nossa gente.<\/p>\n<p>Com pinc\u00e9is, ele tocou fundo em nossa realidade. A terra e o povo brasileiro \u2013 camponeses, retirantes, crian\u00e7as, santos e artistas de circo, os animais e a paisagem \u2013 s\u00e3o a mat\u00e9rias com que trabalhou e construiu sua obra imorredoura&#8230;\u201d<\/p>\n<p style=\"text-align: center;\"><a href=\"http:\/\/redeccap.org.br\/blogcasaviva\/wp-content\/uploads\/2009\/12\/quem_somos.jpg\"><img loading=\"lazy\" class=\"aligncenter\" title=\"quem_somos\" src=\"http:\/\/redeccap.org.br\/blogcasaviva\/wp-content\/uploads\/2009\/12\/quem_somos-300x283.jpg\" alt=\"quem_somos\" width=\"300\" height=\"283\" \/><\/a><\/p>\n<p>Tendo lido isto entendemos que poder\u00edamos trabalhar a arte pl\u00e1stica como fator tamb\u00e9m de integra\u00e7\u00e3o e inclus\u00e3o social, respondendo a pergunta que fizemos a n\u00f3s mesmos: Qual \u00e9 a rela\u00e7\u00e3o de Manguinhos com este homem que at\u00e9 hoje enche o Brasil de dignidade com suas pinturas de crian\u00e7as brincando, de trabalhadores do caf\u00e9 e da cana de a\u00e7\u00facar, com retratos de retirantes e de caboclos, cenas de express\u00f5es de religiosidade e fatos hist\u00f3ricos? Para nos deixar mais confiante finalizamos por ler o que ele em julho de 1930, escreveu de Paris para uma colega da Escola de Belas Artes:<\/p>\n<p>\u201c&#8230; Daqui fiquei vendo melhor a minha terra \u2013 fiquei vendo Brod\u00f3squi como ela \u00e9. Aqui n\u00e3o tenho vontade de fazer nada&#8230; Vou pintar aquela gente com aquela roupa e com aquela cor&#8230;\u201d.<\/p>\n<p>Notamos nessa frase um entusiasmo que fortalece na pr\u00e1tica o desenvolvimento local, uma vez que Portinari tinha na sua comunidade de Brodowski uma fonte enriquecedora do seu olhar, proporcionando-lhe um mais apurado entendimento acerca de si mesmo e do mundo ao seu redor. Assim ele contribui decididamente para moldar um senso coerente de identidade local, sugerindo ao pa\u00eds uma mudan\u00e7a no seu modo de express\u00e3o. Conseq\u00fcentemente, com esse mesmo \u00edmpeto, a Oficina Portinari &#8211; Projeto Arte de Ver Manguinhos se prop\u00f5e a trabalhar. Quer transmitir que a comunidade de Manguinhos possui misturada aos seus estigmas do abandono e preconceito, uma nuance de sentimento humano capaz de refletir a respeito da beleza sens\u00edvel e do fen\u00f4meno art\u00edstico. Essa mesma nuance que naquela regi\u00e3o de Brod\u00f3squi gerou em Candido Portinari um olhar cr\u00edtico e combativo contra a banaliza\u00e7\u00e3o da vida, atualmente gera em Manguinhos olhares semelhantes da parte de jovens artistas locais.<br \/>\nEm Janeiro de 2006, As atividades foram iniciadas com produ\u00e7\u00e3o de projeto idealizado pela artista pl\u00e1stica italiana, Cristina Francescone, volunt\u00e1ria em visita \u00e0 RedeCCAP \/ Casa Viva por interm\u00e9dio de CESVI. O projeto de Franciscone foi finalizado a contento, tendo contribu\u00eddo para que os alunos pudessem:<\/p>\n<p>a) exercitar o uso do pincel;<br \/>\nb) desenvolver no\u00e7\u00f5es de cores e tonalidades, tra\u00e7os e texturas;<br \/>\nc) entender a simbologia da figura no plano da arte com rela\u00e7\u00e3o ao contexto social, cultural;<br \/>\nd) aumentar a intera\u00e7\u00e3o entre os alunos.<\/p>\n","protected":false},"excerpt":{"rendered":"<p>A Oficina Portinari &#8211; Arte de Ver Manguinhos surgiu sob inspira\u00e7\u00e3o das palavras \u201cDevemos pintar como sentimos, mas devemos saber pintar o que sentimos\u201d, proferidas pelo pintor brasileiro Candido Portinari. Isso tamb\u00e9m porque, nas nossas pesquisas descobrimos o coment\u00e1rio de &hellip; <a href=\"https:\/\/redeccap.org.br\/blogcasaviva\/oficina-portinari\/\">Continue lendo <span class=\"meta-nav\">&rarr;<\/span><\/a><\/p>\n","protected":false},"author":2,"featured_media":0,"parent":0,"menu_order":0,"comment_status":"open","ping_status":"open","template":"","meta":{"spay_email":""},"yoast_head":"<!-- This site is optimized with the Yoast SEO plugin v14.8 - https:\/\/yoast.com\/wordpress\/plugins\/seo\/ -->\n<meta name=\"robots\" content=\"index, follow\" \/>\n<meta name=\"googlebot\" content=\"index, follow, max-snippet:-1, max-image-preview:large, max-video-preview:-1\" \/>\n<meta name=\"bingbot\" content=\"index, follow, max-snippet:-1, max-image-preview:large, max-video-preview:-1\" \/>\n<link rel=\"canonical\" href=\"http:\/\/redeccap.org.br\/blogcasaviva\/oficina-portinari\/\" \/>\n<meta property=\"og:locale\" content=\"pt_BR\" \/>\n<meta property=\"og:type\" content=\"article\" \/>\n<meta property=\"og:title\" content=\"Oficina Portinari - Espa\u00e7o Casa Viva\/RedeCCAP\" \/>\n<meta property=\"og:description\" content=\"A Oficina Portinari &#8211; Arte de Ver Manguinhos surgiu sob inspira\u00e7\u00e3o das palavras \u201cDevemos pintar como sentimos, mas devemos saber pintar o que sentimos\u201d, proferidas pelo pintor brasileiro Candido Portinari. Isso tamb\u00e9m porque, nas nossas pesquisas descobrimos o coment\u00e1rio de &hellip; Continue lendo &rarr;\" \/>\n<meta property=\"og:url\" content=\"http:\/\/redeccap.org.br\/blogcasaviva\/oficina-portinari\/\" \/>\n<meta property=\"og:site_name\" content=\"Espa\u00e7o Casa Viva\/RedeCCAP\" \/>\n<meta property=\"og:image\" content=\"http:\/\/redeccap.org.br\/blogcasaviva\/wp-content\/uploads\/2009\/12\/quem_somos-300x283.jpg\" \/>\n<meta name=\"twitter:card\" content=\"summary_large_image\" \/>\n<script type=\"application\/ld+json\" class=\"yoast-schema-graph\">{\"@context\":\"https:\/\/schema.org\",\"@graph\":[{\"@type\":\"WebSite\",\"@id\":\"https:\/\/redeccap.org.br\/blogcasaviva\/#website\",\"url\":\"https:\/\/redeccap.org.br\/blogcasaviva\/\",\"name\":\"Espa\\u00e7o Casa Viva\/RedeCCAP\",\"description\":\"\",\"potentialAction\":[{\"@type\":\"SearchAction\",\"target\":\"https:\/\/redeccap.org.br\/blogcasaviva\/?s={search_term_string}\",\"query-input\":\"required name=search_term_string\"}],\"inLanguage\":\"pt-BR\"},{\"@type\":\"ImageObject\",\"@id\":\"http:\/\/redeccap.org.br\/blogcasaviva\/oficina-portinari\/#primaryimage\",\"inLanguage\":\"pt-BR\",\"url\":\"http:\/\/redeccap.org.br\/blogcasaviva\/wp-content\/uploads\/2009\/12\/quem_somos-300x283.jpg\"},{\"@type\":\"WebPage\",\"@id\":\"http:\/\/redeccap.org.br\/blogcasaviva\/oficina-portinari\/#webpage\",\"url\":\"http:\/\/redeccap.org.br\/blogcasaviva\/oficina-portinari\/\",\"name\":\"Oficina Portinari - Espa\\u00e7o Casa Viva\/RedeCCAP\",\"isPartOf\":{\"@id\":\"https:\/\/redeccap.org.br\/blogcasaviva\/#website\"},\"primaryImageOfPage\":{\"@id\":\"http:\/\/redeccap.org.br\/blogcasaviva\/oficina-portinari\/#primaryimage\"},\"datePublished\":\"2009-12-15T22:55:12+00:00\",\"dateModified\":\"2009-12-15T22:55:12+00:00\",\"inLanguage\":\"pt-BR\",\"potentialAction\":[{\"@type\":\"ReadAction\",\"target\":[\"http:\/\/redeccap.org.br\/blogcasaviva\/oficina-portinari\/\"]}]}]}<\/script>\n<!-- \/ Yoast SEO plugin. -->","_links":{"self":[{"href":"https:\/\/redeccap.org.br\/blogcasaviva\/wp-json\/wp\/v2\/pages\/345"}],"collection":[{"href":"https:\/\/redeccap.org.br\/blogcasaviva\/wp-json\/wp\/v2\/pages"}],"about":[{"href":"https:\/\/redeccap.org.br\/blogcasaviva\/wp-json\/wp\/v2\/types\/page"}],"author":[{"embeddable":true,"href":"https:\/\/redeccap.org.br\/blogcasaviva\/wp-json\/wp\/v2\/users\/2"}],"replies":[{"embeddable":true,"href":"https:\/\/redeccap.org.br\/blogcasaviva\/wp-json\/wp\/v2\/comments?post=345"}],"version-history":[{"count":2,"href":"https:\/\/redeccap.org.br\/blogcasaviva\/wp-json\/wp\/v2\/pages\/345\/revisions"}],"predecessor-version":[{"id":347,"href":"https:\/\/redeccap.org.br\/blogcasaviva\/wp-json\/wp\/v2\/pages\/345\/revisions\/347"}],"wp:attachment":[{"href":"https:\/\/redeccap.org.br\/blogcasaviva\/wp-json\/wp\/v2\/media?parent=345"}],"curies":[{"name":"wp","href":"https:\/\/api.w.org\/{rel}","templated":true}]}}